13) + 0).
50
What is the value of (14 + 2 - 13) + -9 + -1 + 5 + 4?
2
Evaluate 8 + 13 + -9 + (-15 - -7) + -30.
-26
Calculate 118 - 125 - (5 + (13 - (8 + -3))).
-20
What is (16 - ((41 - 5) + 2)) + 5?
-17
-16 + 30 + -28 - (22 - 1)
-35
What is (46 - (9 + 12 + 19)) + 2?
8
Calculate 406 + -405 + (12 - (-5 + 5 + 2)) - -72.
83
Evaluate -41 + 7 + 1 + (24 - 2 - 35).
-46
What is (0 - (21 + (-5 - 3))) + -35 + -21?
-69
What is the value of -21 - ((2 - -55 - 26) + -47)?
-5
What is -992 + 1075 + (-4 - 104)?
-25
(4 + 1 - (-11 + 21)) + -10 - -13 - -92
90
What is the value of (-17 - (-12 + 9)) + (10 - 6) + 97?
87
1 - (7 - (6 + 3 + -11)) - -10
2
What is 3 + 1 + (-12 - (-18 + 51))?
-41
What is -3 + 3 + 33 + (-4 + 3 + -5 - -16)?
43
What is the value of 2 + (-9 - (18 + -36)) + (4 - 7)?
8
What is the value of -7 - -68 - 26 - 84?
-49
Evaluate -57 + 118 - (9 - -44).
8
47 - (-1 - -29 - 38)
57
-49 - -42 - (9 + -8 + 20)
-28
Calculate 1702 + -1720 - (-6 - -1) - -2.
-11
Evaluate -10 + 37 - 14 - 20.
-7
What is the value of -65 + 104 - (6 - (12 + 87))?
132
Calculate -4 + (1 - -7) + -14 - (30 - 40 - 10).
10
What is -3 - (95 + (-28 - 57))?
-13
Calculate -46 + (-3 - (-38 + 9)).
-20
What is the value of -43 + (16 - 19 - (-22 - -20 - (-9 + 1)))?
-52
What is -11 + (23 - (0 + -36 - -20))?
28
Evaluate 54 + (-8 - (-12 - 6) - (3 - 6)).
67
Calculate 53 - (16 - (69 - 28)) - (7 - (-1 - -2)).
72
What is the value of -2 - (-20 - (23 + 9 + -16))?
34
What is the value of 6 + -1 - (-30 - -60 - 58 - -24)?
9
What is 19 + -1 + -106 + -41 + 143 - 86?
-72
Calculate (-6 - (-19 - 8)) + (18 + -50 - 28).
-39
What is the value of 70 - (-4010 + 4025 - ((1 - -9) + -1))?
64
What is -1 + (-2 + -13 + 9 - 15) + -9 + 9?
-22
Evaluate (-1 - -4) + -16 + (20 - 15) + -2 + 51.
41
(194 - (-101 + 180)) + -86
29
(-289 - (134 - 240)) + 76
-107
Calculate 46 + (-172 - -32 - -48).
-46
Calculate 84 + -207 + 101 + 106.
84
0 - -42 - ((-11 - (10 + -9)) + -2 + 9)
47
-14 - -18 - (-12 + 92 + -2 + (0 - 4))
-70
What is -192 + (26 - -185) - (0 - 40)?
59
Evaluate 118 - (70 - (-142 + 130)).
36
Calculate -6 + (60 - 28) + 3 + -1 + 0 + -3.
25
Calculate -29 + 19 + (-14 - -3) + -10.
-31
Evaluate -134 - (-67 - 26) - -68.
27
39 + -10 - (18 - (3 + -9 - -15))
20
-42 + 39 + -22 + -10 + 168
133
106 + 79 + -155 - -11
41
What is (48 + 1 + -1 - (-257 + 245)) + -7 + 3?
56
Evaluate 105 + -202 + 76 + -6 + 1.
-26
What is the value of -13 + -65 + -22 + 54?
-46
What is 65 - (-8 + (19 - 6) + -1 + -3)?
64
(30 - 4 - -4) + (-4 - (6 + -10))
30
What is the value of -53 - (28 - -13 - 124)?
30
What is -65 + 2 - (2514 + -2639)?
62
Calculate 159 + 0 - (4589 + -4497).
67
-24 + (7 - 0) - (25 + (64 - 34))
-72
What is -17 - (3 + -39) - (7 - -76)?
-64
Evaluate 1 + (-17 + -14 - 17) + (13 - 4).
-38
What is the value of 56 + -44 + -87 - -62?
-13
Evaluate 25 + 1 + (69 - 39 - -5).
61
What is the value of 70 + 52 - (22 - -41)?
59
16 + (0 + 2 - -2) + -11 + 7 + -6
10
What is the value of 55 + (82 + -67 - 66)?
4
Evaluate -20 + -20 + (11 - -15) - 30.
-44
Calculate 29 + -20 + -32 + 19 - 110.
-114
-368 + 368 + (-4 - (0 - 0))
-4
What is -11 + -1 + (-29 - (-238 - -152))?
45
What is the value of (49 - (50 - 34)) + -72?
-39
What is -13 + 10 + (2 + 0 - -2 - (21 - -5))?
-25
What is the value of 98 + 68 + -190 - (-2 - 105)?
83
What is the value of (-17 - -3 - (-17 + 26 + -28)) + -2 + 14?
17
What is -14 + (-7 - 3) + (-3 - -7) + 93?
73
What is 78 + -5 + -2 + -28 + -5?
38
Calculate 79 + 5 + -92 + (-1 - -16) + -2 + 4.
9
Calculate -202 + 215 + (10 - 13) - (-77 - 1).
88
-52 + 1 + -3900 + 3969
18
What is the value of (-32 - -104) + -80 + 6?
-2
Evaluate 48 + -1 - (-6534 - -6540).
41
Calculate -21 + -2 + -7 + (3 - -1 - (36 - 33)).
-29
Calculate -31 + 15 + 23 - 42.
-35
19 + (-21 - -5) + -6 + 5 + (0 - -1)
3
-1 + 77 - (-9611 - -9665)
22
What is the value of -3 + 12 + 4 + (711 - 791)?
-67
Evaluate 96 - (16 + 140 + -40).
-20
What is 2 - 1 - ((-3 - 4) + -15 + -23)?
46
What is the value of 31 - (-30 - -55 - 4)?
10
(-102 - -137) + -2 + (2 - -12)
47
Evaluate 48 + -41 - (-11 - (-11 - -12 - 105)).
-86
What is -4 - (-12 - (-22 - -10)) - -23?
19
What is -64 + (34 - (36 - 19)) - 0 - -2?
-45
Evaluate 4 + -23 - (-64 + 94).
-49
Calculate -83 - 2 - ((18 - 7) + 27 - 45).
-78
-45 + 0 - (57 - (62 - 24) - 21)
-43
What is the value of -277 + 309 + 1 + -17?
16
What is the value of 17 - (56 + -109 + 37)?
33
What is (-1 + -4 - 33) + 154 + -140?
-24
Evaluate 102 + -117 + -6 + -22.
-43
Evaluate (20 - (28 - 13 - (7 - (7 - 5)))) + -23.
-13
Calculate 39 + (10 - 34 - 3) + 0.
12
What is the value of -34 + (-26 + 30 - -10) - 14?
-34
Calculate (1642 - 1615) + 56 + -2.
81
Evaluate (-47 - -39) + 3 + 11 + (-1 + 6 - 7).
4
-15 + (103 - 92 - (8 + 0)) + -19
-31
What is -2 - (-3 + 8) - 4 - (-50 + (-39 - 78))?
156
16 + (17 + 1 - 14 - (6 - 3))
17
Calculate (-30 - -34) + -8 + 37 + -15.
18
What is the value of 116 + -82 - 91 - -9?
-48
Evaluate (-411 - -414) + (0 - 33).
-30
What is the value of 46 + 26 + -41 + 15 + -1?
45
46 + (-9 - -24) + -64 + 27
24
19 - (-50 + 45 + 28)
-4
Calculate -54 + 101 - (-2 - -10 - 41).
80
What is the value of 36 - (-14 - (-11 - (31 + -15)))?
23
Calculate 4 + (-18 + -3 - (263 - 265)).
-15
Calculate (3 - 71) + (579 - 537).
-26
What is the value of (-154 - (31 - 150)) + (0 + 2 - -12)?
-21
What is the value of (-40 - -28) + 36 + 21?
45
(93 - (17 + 17 + -19 - 0)) + -14
64
What is the value of 51 - (-27 - (-156 + 36))?
-42
Calculate -9 + (-12 - -7) - (-8 + 103).
-109
(23 - 33) + (2 - (-58 + (6 - 5)))
49
What is the value of (-26 - (-37 - -31 - 37)) + 0 + -5?
12
Calculate 5 - (58 + -18 + -9).
-26
Calculate -3 + (11 - 7 - (-7 + -5 - -12)).
1
Calculate (36 - (-19 - -158)) + 65.
-38
What is the value of 1047 + -1116 + (106 - 10)?
27
What is the value of -10 + 39 + (52 - 2)?
79
What is -63 + -21 + 21 + 36 + -2 + 0?
-29
31 + (11 - -2) + -15 + -13
16
What is the value of -18 + -21 + 153 - ((-13 - -9) + 3 + -14)?
129
-3 + (-6 - -10) + (3 - 11) + 21 + -18
-4
Evaluate 0 + 41 - (-84 + (614 - 449)).
-40
Evaluate -4 + 11 + -10 - 9 - (-100 - 8 - -20).
76
-42 + -8 + 25 - (-2 + 37)
-60
Calculate (12 - 93) + (-23 - 3 - -41).
-66
What is -102 - -159 - (4 - 0 - (29 + -30))?
52
What is the value of -1 + 13 + 12 - (-81 + 58)?
47
-98 + 1 - (239 + -92 + -144)
-100
Evaluate 520 + -533 - (-18 - -30 - (5 + 0)).
-20
What is the value of -46 - (-156 + 4 + 54)?
52
What is -5 - (16 - 3 - (-14 + 16 + 6) - 60)?
50
10 + (11 + (-36 - -24) - (-2 - 3) - 95)
-81
What is 10 + 4 + -6 + -52 + (-4 - 2) - -10?
-40
What is the value of (-93 + -55 - -60) + 201?
113
What is the value of 669 - 685 - (-3 + (-4 - -1))?
-10
3 + (51 - (14 - -28))
12
Calculate -41 - -73 - (-2 - (-74 + 30)).
-10
232 + -230 - (-4 - 19)
25
What is the value of (2 - 5) + (-9 - -11) + -2 + -13?
-16
Calculate 34 - (-15 - (-29 + (69 - 37))).
52
What is (160 + -230 - 87) + 160?
3
What is the value of -58 + (3 - 5) + (-1300 - -1318)?
-42
-22 + (16 - (-102 + 76))
20
-106 + (47 + (1 - 26) - -2)
-82
What is the value of 132 + -108 - (3 - -70)?
-49
Calculate 14 + (-22 - (-19 + 1)) - -18.
28
Evaluate -51 - (-157 + -151 - -103).
154
What is 10 + (19 - ((-25 - -15) + 22 + -7))?
24
-36 + (6 - -7 - 21) + 30
-14
What is (3926 - 3970) + 47 + 2?
5
16 + (-3 - -19) + -22 - -22
32
What is the value of 4 - 21 - (2 + -45 + 45)?
-19
What is the value of 40 + 72 + -33 + -42 - -15?
52
What is -32 - (75 + -34 - 53)?
-20
What is the value of -10 - (-86 + 56) - (4 + -2 - -5)?
13
Evaluate 2 + (-7 - (-25 - -8)) + (-9 - 1).
2
36 - ((22 - -39) + -21)
-4
Calculate -51 + 35 + 40 + -104.
-80
What is 123 - (147 + -102 + 108)?
-30
What is the value of -1 - -42 - (16 + (-66 - -71))?
20
What is the value of (-14 - (16 - 60)) + -4 - -33?
59
Evaluate 0 + (20 - (-2 - -2 - -2 - (-3 + 3))).
18
What is 52 + (-35 - (-42 - -22) - -7)?
44
Evaluate (67 - 1) + -1482 + 1457.
41
Calculate -43 - -79 - 31 - (-2 + 18).
-11
(25 - (27 + 20) - 3) + -2
-27
Calculate -18 + ((6 + 8 - 7) + -16 + 9 - 3).
-21
Evaluate 333 + -354 + 13 + 1 + (-4 - -23) + -11.
1
What is -13 - ((-23 - -9) + 31)?
-30
What is the value of 0 + 8 + -19 + (-2 - (-5 - -13))?
-21
Evaluate 23 - 3 - (-80 + 128) - -16 - 19.
-31
Calculate (-17 - (-10 - -14 - ((-5 - -1) + 16))) + -42.
-51
65 + 1 + 9170 + -9300
-64
What is the value of (4 - (-37 + (-8 - 3))) + (-1 - -20)?
71
What is